{"id":11,"date":"2018-10-25T18:22:11","date_gmt":"2018-10-25T18:22:11","guid":{"rendered":"http:\/\/wworks.de\/?page_id=11"},"modified":"2018-10-25T20:17:35","modified_gmt":"2018-10-25T20:17:35","slug":"ihre-it-service-spezialisten-aus-bendorf-sayn","status":"publish","type":"page","link":"https:\/\/www.wworks.de\/","title":{"rendered":"Home"},"content":{"rendered":"<p><strong>Ihre IT-Service Spezialisten aus Bendorf-Sayn.<\/strong><\/p>\n<p>Die WebWorks GmbH ist ihr zuverl\u00e4ssiger Partner von der Beratung bis zur Ausf\u00fchrung, im Bereich Software, Hardware, Netzwerktechnik und Telekommunikation.<\/p>\n<p>Unser St\u00e4rke liegt in der umfassenden Betreuung unserer Kunden.<\/p>\n<p>Ihr Vorteil nur ein Ansprechpartner f\u00fcr:<\/p>\n<ul>\n<li>Planung, Installation, Wartung und Betrieb von PC\u00b4s und Netzwerken<\/li>\n<li>Installation und Betreuung Standardsoftware und Branchenl\u00f6sungen<\/li>\n<li>Cloud-Computing und Virtualisierungstechniken<\/li>\n<li>Konventionelle Telekommunikation und VoIP<\/li>\n<li>Serverhosting, Betreuung von Webseiten und Mail Servern (z.B. Exchange Server)<\/li>\n<\/ul>\n","protected":false},"excerpt":{"rendered":"<p>Ihre IT-Service Spezialisten aus Bendorf-Sayn. Die WebWorks GmbH ist ihr zuverl\u00e4ssiger Partner von der Beratung bis zur Ausf\u00fchrung, im Bereich Software, Hardware, Netzwerktechnik und Telekommunikation. Unser St\u00e4rke liegt in der umfassenden Betreuung unserer Kunden. Ihr Vorteil nur ein Ansprechpartner f\u00fcr: Planung, Installation, Wartung und Betrieb von PC\u00b4s und Netzwerken Installation und Betreuung Standardsoftware und Branchenl\u00f6sungen &hellip; <\/p>\n<p class=\"link-more\"><a href=\"https:\/\/www.wworks.de\/\" class=\"more-link\"><span class=\"screen-reader-text\">\u201eHome\u201c<\/span> weiterlesen<\/a><\/p>\n","protected":false},"author":1,"featured_media":0,"parent":0,"menu_order":1,"comment_status":"closed","ping_status":"closed","template":"","meta":{"footnotes":""},"class_list":["post-11","page","type-page","status-publish","hentry"],"_links":{"self":[{"href":"https:\/\/www.wworks.de\/index.php?rest_route=\/wp\/v2\/pages\/11","targetHints":{"allow":["GET"]}}],"collection":[{"href":"https:\/\/www.wworks.de\/index.php?rest_route=\/wp\/v2\/pages"}],"about":[{"href":"https:\/\/www.wworks.de\/index.php?rest_route=\/wp\/v2\/types\/page"}],"author":[{"embeddable":true,"href":"https:\/\/www.wworks.de\/index.php?rest_route=\/wp\/v2\/users\/1"}],"replies":[{"embeddable":true,"href":"https:\/\/www.wworks.de\/index.php?rest_route=%2Fwp%2Fv2%2Fcomments&post=11"}],"version-history":[{"count":3,"href":"https:\/\/www.wworks.de\/index.php?rest_route=\/wp\/v2\/pages\/11\/revisions"}],"predecessor-version":[{"id":52,"href":"https:\/\/www.wworks.de\/index.php?rest_route=\/wp\/v2\/pages\/11\/revisions\/52"}],"wp:attachment":[{"href":"https:\/\/www.wworks.de\/index.php?rest_route=%2Fwp%2Fv2%2Fmedia&parent=11"}],"curies":[{"name":"wp","href":"https:\/\/api.w.org\/{rel}","templated":true}]}}