{"id":24,"date":"2018-10-25T18:29:39","date_gmt":"2018-10-25T18:29:39","guid":{"rendered":"http:\/\/wworks.de\/?page_id=24"},"modified":"2018-10-25T18:32:46","modified_gmt":"2018-10-25T18:32:46","slug":"unternehmen","status":"publish","type":"page","link":"https:\/\/www.wworks.de\/?page_id=24","title":{"rendered":"Unternehmen"},"content":{"rendered":"<p><strong>WebWorks GmbH<\/strong><\/p>\n<p>Wir verstehen uns als IT-Systemhaus f\u00fcr g\u00e4ngige IT-Anwendungen mit Fokus auf kleine und mittelst\u00e4ndige Unternehmen.<\/p>\n<p>Seit vielen Jahren betreuen wir<\/p>\n<ul>\n<li>Selbst\u00e4ndige und Freiberufler<\/li>\n<li>kleine und mittelst\u00e4ndige Unternehmen aus Industrie, Handel und Handwerker<\/li>\n<li>\u00f6ffentliche Einrichtungen sowie Einrichtungen unter kirchlicher Tr\u00e4gerschaft<\/li>\n<li>Schulen und private Bildungseinrichtungen<\/li>\n<\/ul>\n<p>Wir haben es uns zum Ziel gemacht, unseren Kunden eine umfassende Betreuung von der ersten Beratung \u00fcber die Ausf\u00fchrung oder Kontrolle der Ausf\u00fchrung bis zur Pflege und Wartung zu bieten. Unser Leistungsspektrum beinhaltet Consulting, Hardware, Software, Netzwerktechnik und Webdesign. Sie erhalten von der Planung bis zur Ausf\u00fchrung ein stimmiges Gesamtpaket an Leistungen. Alle Kundenw\u00fcnsche in den Bereichen Telekommunikation, Netzwerktechnik, Verkabelung oder Webdesign k\u00f6nnen wir mit unseren Kompetenzpartnern realisieren.<\/p>\n","protected":false},"excerpt":{"rendered":"<p>WebWorks GmbH Wir verstehen uns als IT-Systemhaus f\u00fcr g\u00e4ngige IT-Anwendungen mit Fokus auf kleine und mittelst\u00e4ndige Unternehmen. Seit vielen Jahren betreuen wir Selbst\u00e4ndige und Freiberufler kleine und mittelst\u00e4ndige Unternehmen aus Industrie, Handel und Handwerker \u00f6ffentliche Einrichtungen sowie Einrichtungen unter kirchlicher Tr\u00e4gerschaft Schulen und private Bildungseinrichtungen Wir haben es uns zum Ziel gemacht, unseren Kunden eine &hellip; <\/p>\n<p class=\"link-more\"><a href=\"https:\/\/www.wworks.de\/?page_id=24\" class=\"more-link\"><span class=\"screen-reader-text\">\u201eUnternehmen\u201c<\/span> weiterlesen<\/a><\/p>\n","protected":false},"author":1,"featured_media":0,"parent":0,"menu_order":3,"comment_status":"closed","ping_status":"closed","template":"","meta":{"footnotes":""},"class_list":["post-24","page","type-page","status-publish","hentry"],"_links":{"self":[{"href":"https:\/\/www.wworks.de\/index.php?rest_route=\/wp\/v2\/pages\/24","targetHints":{"allow":["GET"]}}],"collection":[{"href":"https:\/\/www.wworks.de\/index.php?rest_route=\/wp\/v2\/pages"}],"about":[{"href":"https:\/\/www.wworks.de\/index.php?rest_route=\/wp\/v2\/types\/page"}],"author":[{"embeddable":true,"href":"https:\/\/www.wworks.de\/index.php?rest_route=\/wp\/v2\/users\/1"}],"replies":[{"embeddable":true,"href":"https:\/\/www.wworks.de\/index.php?rest_route=%2Fwp%2Fv2%2Fcomments&post=24"}],"version-history":[{"count":1,"href":"https:\/\/www.wworks.de\/index.php?rest_route=\/wp\/v2\/pages\/24\/revisions"}],"predecessor-version":[{"id":25,"href":"https:\/\/www.wworks.de\/index.php?rest_route=\/wp\/v2\/pages\/24\/revisions\/25"}],"wp:attachment":[{"href":"https:\/\/www.wworks.de\/index.php?rest_route=%2Fwp%2Fv2%2Fmedia&parent=24"}],"curies":[{"name":"wp","href":"https:\/\/api.w.org\/{rel}","templated":true}]}}